+ 4*s**2 - s - 4. Let y be a(-3). Let z = y - 269. Calculate the highest common divisor of 18 and z.
18
Suppose 1458 = c + 17*c. Calculate the highest common divisor of c and 18.
9
Let j(c) = -c**2 - 2*c - 4. Let q be j(-3). Let h = -2 - q. Suppose 0 = -5*g - h + 65. Calculate the greatest common divisor of g and 12.
12
Let f be (40/(-15))/((-4)/(-6)) - -85. Calculate the greatest common factor of 45 and f.
9
Suppose 14*a - a = 12298. What is the greatest common divisor of 22 and a?
22
Let r(l) = 5*l**2 + 4*l - 4. Let h be r(1). Let w be 1*0/h - -34. What is the highest common factor of w and 119?
17
Suppose -6*s + 1669 = 337. What is the highest common factor of s and 555?
111
Let i = -3 - -8. Let u be (0/(-2))/(-7 + i). Suppose -2*o + 22 = g, -5*g + 2*o + 86 = -u*g. Calculate the greatest common factor of 2 and g.
2
Let c(l) = 19*l - 15. Let g be c(5). Let a = -127 + g. Let x = a - -95. What is the highest common divisor of 72 and x?
24
Suppose 0*u + 24 = u. Suppose q - 5*d + 22 = 0, 4*q + 3*d = 18 + 9. Suppose -3*c + 2*n = -802, -q*n + 5 = -4*n. What is the highest common divisor of u and c?
24
Let s(u) = -7*u**2 + 15 - 10*u - 3 + 3*u**2 + 3*u**2. Let l be s(-8). What is the highest common factor of l and 196?
28
Let z be -2 + 20 + 3 + (-12)/2. What is the greatest common divisor of 5 and z?
5
Let c(q) = q**3 - 3*q**2 + 2*q - 4. Let y be c(3). Suppose b = -y*z + 15, b - 6*z = -11*z + 6. What is the highest common divisor of b and 6?
3
Let v be ((-6)/1)/(4/6). Let b be (v - -4)/(1/(-5)). Let h = 462 - 262. Calculate the greatest common factor of h and b.
25
Let o be (224/(-7))/(2/(-4)). Let q = 11 - 3. What is the greatest common divisor of q and o?
8
Let s = 8 + -5. Suppose 5*y = -2*x + 105, -2 + 23 = y + s*x. Suppose -3*o + 35*o - 5376 = 0. Calculate the greatest common divisor of y and o.
21
Let j(y) = 6*y + 20. Let b be j(-3). Suppose q - v - 117 = -b*q, -5*q = -4*v - 195. What is the greatest common divisor of q and 52?
13
Let n(c) = -c**3 + 3*c**2 - c - 1. Let w be n(2). Let d = 18 - w. Let k = d + -3. Calculate the greatest common divisor of 42 and k.
14
Let s be (3 - 1) + 1 + 17. Let q = 194 + -44. Let z be q/39 + (-4)/(-26). What is the greatest common divisor of z and s?
4
Let f(k) = k**3 + k**2 - 33*k + 25. Let r be f(5). Calculate the highest common factor of 295 and r.
5
Let b be (69/3 - -2) + 1. Let n = b - 3. Let y(f) = -f**2 + 9*f + 3. Let r be y(5). Calculate the greatest common divisor of n and r.
23
Suppose -307 = -36*o + 557. What is the greatest common divisor of o and 492?
12
Suppose 3*q - 107 = 2*y, 0*y + 2*y + 72 = 2*q. What is the highest common factor of 70 and q?
35
Let g(z) be the third derivative of -z**6/120 - z**5/4 + 2*z**4/3 + z**3/6 - 15*z**2. Let q be g(-16). What is the greatest common factor of 2 and q?
1
Suppose -20 = -4*d - 0*d. Suppose d*a - 27 = -2*m, a + 8 = m - 2. Suppose 0 = -p + m + 61. Calculate the highest common factor of 48 and p.
24
Let i(w) = -43*w - 106. Let l be i(-3). What is the highest common factor of 184 and l?
23
Let u(n) = -7*n + 5. Let l be u(0). Suppose 0 = l*x - 39 - 891. What is the greatest common factor of x and 31?
31
Let o = -1 + 7. Suppose 0 = -3*q + 2*q + 2. Suppose 3*z = q*v + 48, 4*z - 48 = 5*v + 9. What is the highest common factor of z and o?
6
Let z(b) = -7*b + 10. Let c(r) = r + 1. Let k(h) = 6*c(h) - 2*z(h). Let i be k(4). Let v = i - 21. Calculate the highest common factor of 9 and v.
9
Suppose -1 = a - 3. Suppose 0*j + 138 = a*j. What is the greatest common factor of 23 and j?
23
Let w(z) = -20*z - 90. Let h(m) = -7*m - 30. Let g(t) = 17*h(t) - 6*w(t). Let y be g(-21). Calculate the highest common divisor of y and 63.
9
Suppose 2*h + h + 1473 = 5*c, 4*c - h - 1177 = 0. What is the highest common divisor of c and 42?
42
Suppose 0 = 2*z - 10. Let f be (-5 + 4)*-1*20. Suppose b = 2*s - 10, b + f = 4*s - 3*b. Calculate the highest common factor of z and s.
5
Let x(d) = 7*d + 38. Let u be x(-5). What is the greatest common factor of 39 and u?
3
Suppose 6*f - 2*f + 44 = 2*n, 2*f + 2*n = -28. Let p be (-126)/(-8) - 3/f. Suppose 3*m - 42 = 6. What is the highest common factor of p and m?
16
Suppose 1002 + 936 = 17*k. Suppose 0 = 14*u - 236 - k. What is the greatest common factor of u and 10?
5
Let j = 109 + -82. Suppose j*u = 38*u - 242. What is the highest common divisor of u and 176?
22
Let q(o) = o**2 + 3*o - 2. Suppose c + 2 + 2 = 0. Let j be q(c). Let s = j + -1. What is the greatest common divisor of 3 and s?
1
Let l(s) = 17*s + 19. Let j be l(-11). Let i be (0 - j/3) + 3. Suppose -i = -5*b - 3*n, -5*b + 4*n = -n - 35. What is the greatest common divisor of 60 and b?
10
Let g(x) = -27*x - 3. Let a be g(-1). Suppose -19*i - 200 = -a*i. Calculate the highest common divisor of 10 and i.
10
Suppose 3 = 2*i - 1. Let q be 1/1*-1*58/(-29). Calculate the highest common factor of i and q.
2
Suppose -r - 12 = -108. Suppose z - 128 = -4*l, r = 3*l + 3*z - z. Let x be l/(-8) + (112 - 0). What is the greatest common divisor of 12 and x?
12
Let j be (-119)/21*-1*18. Let p = j - 59. Calculate the highest common factor of 86 and p.
43
Let j = -9 - -7. Let k be j/(-4) + 3/2. Calculate the greatest common divisor of 5 and k.
1
Suppose 5*q = -6*d + d + 45, 0 = -2*q + 3*d - 2. Calculate the highest common factor of q and 85.
5
Suppose 122 = 2*z - 14. Suppose -2040 = -12*v - 0*v. What is the highest common factor of z and v?
34
Let w be ((-8)/12)/(40/(-3600)). Calculate the greatest common divisor of 2940 and w.
60
Let c(w) = -w + 22. Suppose -g - 2*o = 4, 4*o + 2 = -2*g + 2*o. Suppose 0 = -3*z + g*z. Let n be c(z). Calculate the greatest common factor of 2 and n.
2
Suppose 5*a - 79 = 3*t, -3*a = 3*t - 6*t - 45. Let b be (-19 + 7)/(2/(-6)). Let h = b - 19. What is the greatest common factor of a and h?
17
Let b = -4 + 7. Suppose 0 = b*t - 5*a + 10, 2*a - 20 = -3*t + t. What is the greatest common divisor of 40 and t?
5
Let v be ((-42)/6 - -6 - -5) + 304. Calculate the greatest common factor of v and 44.
44
Let n(c) = 70*c. Let o be n(1). Let y be (6/(-4))/((-5)/50). Suppose -2*q + 5 + y = 0. What is the greatest common divisor of q and o?
10
Let f be (-88)/6*(-2)/(-4)*-57. Calculate the greatest common factor of 66 and f.
22
Suppose -9*b + 8*b + 110 = 0. Suppose -2*w + 178 = -b. What is the highest common factor of w and 36?
36
Let k = -222 + 96. Let x be k/(-4) - 2/(-4). Let n = -11 + x. Calculate the greatest common divisor of 105 and n.
21
Suppose 115*q - 192259 = -29074. What is the greatest common divisor of q and 22?
11
Let t = -51 - -18. Let q = t - -39. What is the highest common factor of q and 66?
6
Let x = -23 + 32. Let g be ((-48)/(-14))/((-32)/(-672)). What is the greatest common factor of x and g?
9
Suppose -3*l - 2*l + f = 35, 3*f + 47 = -4*l. Let c = 48 + l. What is the highest common factor of c and 120?
40
Let o = 403 - 348. What is the highest common factor of 165 and o?
55
Let v(s) = s**3 - 10*s**2 + 7*s + 14. Let z be v(10). Let o be 2796/z - -2*(-1)/7. Calculate the highest common divisor of 22 and o.
11
Suppose 33 + 19 = 4*a + t, -2*a + 3*t + 26 = 0. What is the greatest common factor of 221 and a?
13
Suppose -2*d - 20 = -7*d. Suppose -d*g = -j - 10, -2*j - 5 = -j - 3*g. Let a be (6 - j) + (0 - -24). Calculate the highest common factor of 10 and a.
10
Let z(l) = -l**3 - 5*l**2 + 8*l + 9. Let a be z(-6). Let r = 9 + a. Let q = 45 + 21. Calculate the greatest common divisor of r and q.
6
Suppose -15*b = -20*b + 850. Calculate the greatest common factor of b and 10.
10
Let z be -14*20/(-350) + 378/15. Calculate the greatest common factor of z and 52.
26
Suppose 0 = -2*p - 4*l + 6, 5*p - 6*l = -2*l + 85. Suppose 0 = 2*r - 181 - 53. Calculate the highest common factor of p and r.
13
Let r = -44 + 42. Let n be (-32)/24*45/r. What is the greatest common factor of 10 and n?
10
Suppose -273 = -5*o - 3*l, 3*l + 139 - 34 = 2*o. Let n(p) = p**2 + 4*p - 3. Let i be n(3). What is the greatest common factor of o and i?
18
Let c(i) = 2*i + 19. Let s(v) = v**2 + 7*v - 3. Let h be s(-6). Let b be c(h). What is the highest common factor of 2 and b?
1
Let i = 608 + -418. Suppose -4*t = 10 - i. Let o be (-4)/(-22) + t/55. What is the greatest common factor of 1 and o?
1
Suppose -